*3 - j**2 + 4. Let l(g) = 7*g**3 + 8*g**2 - g - 9. Let f(w) = -l(w) - 4*v(w). Give f(3).
-13
Let j(t) = -5*t - 64. Let l(q) = 2*q + 30. Suppose -90 + 126 = 6*d. Let o(b) = d*j(b) + 14*l(b). Give o(16).
4
Let q(p) be the first derivative of -p**4/4 - 7*p**3/3 + 13*p**2/2 + 83*p + 692. Calculate q(-7).
-8
Let o(d) be the third derivative of -11*d**2 + 0*d**5 + 0 + 1/6*d**3 + 1/24*d**4 + 0*d + 1/120*d**6. Suppose 6*i - i = -5, 2 = -4*z - 2*i. Calculate o(z).
1
Let b(z) be the first derivative of -z**5/120 - z**4/8 + 33*z**3 + 61. Let d(q) be the third derivative of b(q). What is d(0)?
-3
Suppose -2*u = -5*i + 23, -5*u - 57 = 4*i - 49. Let h(l) = -2*l**2 + 11*l - 13. Calculate h(i).
2
Let r = -787 + 1329. Let s = -535 + r. Let n(x) = -2*x + 2. Calculate n(s).
-12
Suppose -3*c = 3*c. Let f(a) be the third derivative of -a**5/60 + a**3/2 - 123*a**2. Give f(c).
3
Let d(x) be the third derivative of -1/6*x**3 + 0 + 0*x + 1/3*x**4 - 1/60*x**5 - 3*x**2. Suppose 31*p = -12*p + 65 + 193. Calculate d(p).
11
Let r(x) = x**3 + 6*x**2 + 3*x - 7. Let j = -169 - -197. Suppose 98 - j = -14*c. Determine r(c).
3
Let a(q) be the second derivative of q**4/12 + 7*q**3/6 - 7*q**2 - 113*q + 2. What is a(-7)?
-14
Let r(z) = z**2 + z. Let h(n) = n**2. Let k(b) = 5*h(b) + r(b). Suppose -2*a - m + 5 - 1 = 0, 5 = -a + 3*m. Determine k(a).
7
Let w(u) be the third derivative of 0 + 1/24*u**4 + 1/6*u**3 + 3*u**2 + 0*u. Suppose -180*k - 115 - 2 - 63 = 0. Determine w(k).
0
Let f(r) be the third derivative of r**6/240 + r**5/120 - r**4/2 + r**3/3 - r**2 + 7. Let u(t) be the second derivative of f(t). Calculate u(-2).
-5
Let a(f) = -4*f**3 + 2*f**2 + 2*f - 3. Let r = -17870 + 17871. Determine a(r).
-3
Suppose -4*t + c - 16 = 0, 0 = 94*t - 93*t + 4*c - 13. Let r(o) = o**3 - 3*o**2 - 15*o + 3. What is r(t)?
-6
Let y(p) = -647*p**2 + 2*p - 8. Let g(a) = 1456*a**2 - 5*a + 16. Let m(o) = 4*g(o) + 9*y(o). Determine m(6).
16
Let y(g) be the second derivative of g**6/60 + g**5/20 - g**4/8 + g**3/6 + 44*g**2 - 45*g. Let l(n) be the first derivative of y(n). Give l(2).
23
Let s(g) = 10*g + 4. Let t(h) = -5*h - 3. Suppose 0 = -5*j + 4*b - 19, 0 = -0*j + 3*j + 5*b + 4. Let y(p) = j*s(p) - 5*t(p). Determine y(3).
-12
Let u(w) = w**2 - 12*w - 8. Let x(c) = 1 + 145*c - 3 + c**3 - 16*c**2 - 129*c. Let q be x(15). Determine u(q).
5
Let a(k) be the third derivative of -k**4/24 + 2*k**2 - 826*k. Calculate a(8).
-8
Let i be 728/(-117) - 2/(-9). Let f(r) be the first derivative of -1/3*r**3 + 35 + 2*r - 5/2*r**2. What is f(i)?
-4
Let b(k) = 14069 - 7020 - k**3 - 7045 - 4*k. What is b(2)?
-12
Let k(y) = y**3 - 55*y**2 + 107*y - 42. Let g be (-1170)/(-22) + 28/(-154). Determine k(g).
11
Let s(i) be the second derivative of -i**5/20 - 3*i**4/2 - 16*i**3/3 - 8*i**2 + 12*i - 33. Calculate s(-16).
-16
Let t(d) = 2*d**2 + d + 1. Let g(v) = -12*v**2 + 3*v + 25. Let l(z) = g(z) + 5*t(z). Calculate l(-3).
-12
Let l(p) = 764*p + 3*p**2 - 2*p**3 - 4 - 4 + p**2 - 768*p + 7. Give l(3).
-31
Let s(u) = u**3 + 4*u**2 + 4*u. Let t be (-10)/6*684/570. Determine s(t).
0
Suppose c = -8, 18*a - 5*c - 52 = 20*a. Let x(r) = -84*r - 510. Give x(a).
-6
Let s(x) = 8*x - 9. Let p(q) = 15*q - 17. Let t(v) = -4*p(v) + 7*s(v). Let r(y) = 291*y + 23858. Let w be r(-82). What is t(w)?
21
Let p(q) = 201*q - 78 + 3*q**3 + 11 + 9*q**2 - 193*q + 5*q**2 - 2*q**3. Calculate p(-13).
-2
Let o be 6/(-15) + 94/10. Suppose -4*t + 6 - 17 = s, 5*s = -4*t + o. Let j(l) = -l + 6*l**2 + 6 - 4*l - 7*l + 2*l - l**3 + 4*l. Give j(s).
1
Let v = 0 + 3. Let d(q) be the first derivative of q**4/4 - q**3 + 3*q**2/2 + q + 96520. What is d(v)?
10
Let v be -5 + 7 + (2 - 3)*-1. Let o(y) = 48*y**2 - 29*y**2 + 5*y + v - 20*y**2. Give o(5).
3
Suppose 2*o - 30 = -2*r, 2*o + 0*o = 5*r - 61. Suppose -r*b - 69 = 10*b. Let p(d) = d**3 + d**2 + 2*d - 4. Give p(b).
-28
Let t(d) = -567*d + 1. Let k(h) = 680*h - 2. Let n(q) = 5*k(q) + 6*t(q). Let g be (-8)/(-1) + -1 + -1. Give n(g).
-16
Let g = -105 - -112. Suppose 80 = -g*f + 31. Let z(w) = -w**2 - 7*w - 1. Give z(f).
-1
Let x(i) = -3*i**3 + 2*i**2 + 16*i - 5. Let c(p) = 5 + 10 + 815*p**3 - 44*p - 1627*p**3 - 7*p**2 + 820*p**3. Let f(h) = -4*c(h) - 11*x(h). Determine f(-6).
-5
Let d(r) be the first derivative of r**4/4 - r**3/3 + r**2 - r + 2500. Determine d(4).
55
Let y be 160/(-70) - 2/(-7). Let i be -8 - y - (-2 + -1). Let x(s) be the second derivative of s**4/6 + s**3/2 - s**2 - 6*s - 3. Calculate x(i).
7
Let z(i) = -371*i - 15 - 9 - 12 + 370*i. Calculate z(6).
-42
Let o(n) = -n**2 + 5*n. Let k(c) = -c - 6. Let s be k(-9). Suppose 0 = -4*f - 4*r - 20, -4*r = 2*f - s*f. Let j be (-1)/6 - (f + 28/(-24)). Determine o(j).
0
Let r(n) = -767*n - 28 + 73 + 386*n + 378*n. Determine r(14).
3
Suppose -g + 1 = 2, -16 = -3*k + 4*g. Suppose k*i = 5*i - 65. Let q be 8/(-52) + 335/i. Let x(z) = z**2 - 7*z + 5. Calculate x(q).
-5
Let c(l) = -l**3 - 37*l**2 - 71*l - 42. Let b = -1978 + 1943. Calculate c(b).
-7
Let l(v) = 1199566*v**2 - 1199566*v**2 + v**3 + 26 + v. What is l(0)?
26
Let s = -449 - -444. Let y be -15*-4*s/(-100). Let j(q) = -q**2 + q**2 - 3 - q**2 + 7*q. Determine j(y).
9
Let j(b) = -11*b**2 - 4*b - 4. Let g be j(-1). Let o(s) = 25*s**2 - 38*s + 28. Let q(y) = -9*y**2 + 13*y - 9. Let z(r) = g*q(r) - 4*o(r). What is z(9)?
-13
Let t = -29 + 54. Let f = 114 + t. Let m = 142 - f. Let c(d) = -d**2 + 5*d - 1. Give c(m).
5
Let v(f) = -51 + 12 - f**3 + 14578*f - 7293*f - 7319*f - 14 - 18*f**2. Give v(-16).
-21
Let f(v) = -56*v + 332. Suppose 4*w - 5*y = 49, 3*y = 96*w - 95*w - 21. Calculate f(w).
-4
Let c(h) be the second derivative of 0 + 1/2*h**2 - 1/2*h**3 - 198*h. Give c(-4).
13
Let r(f) = 4*f**2 + f - 3*f**2 - 4*f**2 - 51 + 47 + 2*f**2. Give r(-2).
-10
Let y(u) = u**3 - 12*u**2 + 21*u + 5. Suppose -39*z = -40*z - 2*j + 12, z - 6 = 4*j. Determine y(z).
15
Let s(f) = 2*f + 4. Let x be 26*((-2)/7 - 110/(-140)). Suppose 29 = -x*b - 10. Give s(b).
-2
Let h(f) = f**2 - 9*f - 16. Let a be h(11). Let x(l) = -l**2 + 7*l - 4. Let r be x(a). Let u(n) = r - 6*n + 12*n - 5*n. Give u(7).
9
Suppose -1140 = -105*c + 75*c. Let v(x) be the second derivative of -2/3*x**3 - c*x + 0 + 1/12*x**4 + 0*x**2. Give v(7).
21
Let x(f) = f**2 + 6*f + 1. Suppose -4*l + 23*o = 89, -7*o = -4*o - 9. Determine x(l).
-4
Let v(p) = 13*p**2 - p**3 - 141 - 133 - 116 + 343 - 18*p. Determine v(11).
-3
Let y(h) = 302*h - 2120. Let z be y(7). Let s(x) be the third derivative of 0 + 5/6*x**3 - x**2 + 1/24*x**4 + 0*x. Determine s(z).
-1
Let r(l) = -3*l + 20. Let g(q) = 4*q - 31. Let v(i) = -5*g(i) - 7*r(i). Let c be ((-273)/63)/13*(-66)/(-1). Give v(c).
-7
Let r(u) = -u**3 - u**2 + 3*u - 9. Let q(m) = m**3 - 2*m + 8. Let o(k) = -5*q(k) - 4*r(k). Let i be ((-15)/(-40)*4)/(4/8). What is o(i)?
-1
Let k(w) = 9*w + 1. Let h(y) = 2*y. Let s(t) = -2*h(t) + k(t). Let d = 322 + -321. Give s(d).
6
Let h(j) = -337*j + 1. Let z(q) = 1686*q - 3. Let b(m) = -5*h(m) - z(m). Let r(p) = p**2 + 5*p + 4. Let o be r(-4). Give b(o).
-2
Let p be 1 - (0 - 0) - 0. Let g(o) = 43380*o - 53. Let v be g(3). Let c(x) = -4*x + 130086 - v + 2*x. Calculate c(p).
-3
Let r(o) = 508 - 2*o + o - 491. Let z be r(13). Let u(h) = -4 - 7*h + z*h + 4*h. Determine u(-4).
-8
Let j(d) = 2*d**2 - d + 21. Let b(l) = 3*l**2 - 22*l - 23. Let t(z) = b(z) - 2*j(z). Determine t(-13).
26
Let x(q) = 483054*q - 44 - 241538*q - 241588*q - 35*q**2 + q**3. Give x(37).
30
Suppose -5*n + 91 = -o + 3, -3*o - 30 = -2*n. Suppose -n*t = -32*t - 28. Let s(p) = p**2 + 2*p - 1. Determine s(t).
-1
Let t(u) be the second derivative of u**5/20 + u**4/4 + 6*u. Let r be -1 - 4*15/(-20). Suppose j + 8 = -2*x, -2 = 2*x + r*x - 5*j. Determine t(x).
0
Let c be 3*(-10 + 112/12). Let j(q) = 57*q + 3. Give j(c).
-111
Let n(x) be the second derivative of -x**7/840 - x**6/40 - 3*x**5/40 - x**4/6 + 95*x**3/6 + 303*x. Let s(t) be the second derivative of n(t). Give s(-7).
-39
Let g be 8/3*(6 - 63/14). Let k(d) = 9*d**2 - 6*d + 21. Let n(a) = 5*a**2 - 3*a + 11. Let x(i) = -6*k(i) + 11*n(i). Calculate x(g).
23
Let p(k) = -k**3 - 4*k - 2. Suppose 2*n = -3*j - 3, 0 = 4*n - 3*n. Calculate p(j).
3
Let c(l) be the first derivative of 0*l + 57 + 5/2*l**2. What is c(3)?
15
Suppose -q = -5*k - 5, 0 = -103*q + 98*q - 4*k - 4. Let b(p) be the first deriv